{"id":9,"date":"2018-12-03T10:47:50","date_gmt":"2018-12-03T10:47:50","guid":{"rendered":"http:\/\/www.bazenradotin.cz\/?page_id=9"},"modified":"2024-10-11T06:59:52","modified_gmt":"2024-10-11T06:59:52","slug":"kontakt","status":"publish","type":"page","link":"https:\/\/www.bazenradotin.cz\/index.php\/kontakt\/","title":{"rendered":"Kontakt"},"content":{"rendered":"<p>Kancel\u00e1\u0159: TEL. 774 485 998<br \/>Email : info@biotopradotin.cz<\/p>\n<p>Jan Bar\u00e1k \/ \u0159editel: info@biotopradotin.cz<\/p>\n<p>Provozovatel: Radot\u00ednsk\u00e1 z.\u00fa.<br \/>I\u010c: 289 73 950<\/p>\n<p>Z\u0159izovatel:\u00a0<a href=\"http:\/\/www.praha16.eu\/\" target=\"_blank\" rel=\"noopener noreferrer\">M\u011bstsk\u00e1 \u010d\u00e1st Praha 16<\/a><\/p>\n<h4>ADRESA:<\/h4>\n<p>K L\u00e1zn\u00edm\u00a09<br \/>Praha 5 \u2013 Radot\u00edn<br \/>153 00<\/p>\n<p>GPS: 49\u00b058\u201944.268N, 14\u00b021\u201936.039E<\/p>\n<h4>JAK SE K N\u00c1M DOSTANETE:<\/h4>\n<p>AUTO<br \/>bezplatn\u00e9 parkov\u00e1n\u00ed \/ bistro U Ond\u0159eje \u2013 5 minut p\u011b\u0161\u00ed ch\u016fz\u00ed \/ 65 parkovac\u00edch m\u00edst<br \/>bezplatn\u00e9 parkov\u00e1n\u00ed \/ Sportovn\u00ed hala \u2013 5 minut p\u011b\u0161\u00ed ch\u016fz\u00ed \/\u00a060 parkovac\u00edch m\u00edst<br \/>V\u00edce informac\u00ed o parkov\u00e1ni zde.<\/p>\n<p>VLAK<br \/>p\u0159\u00edm\u011bstsk\u00e9 vlaky linky S7 \/ ze Sm\u00edchovsk\u00e9ho n\u00e1dra\u017e\u00ed 8 min., z Hlavn\u00edho n\u00e1dra\u017e\u00ed 17 min.<br \/>stanice N\u00e1dra\u017e\u00ed Radot\u00edn \/ vzd\u00e1lenost k Biotopu je 10 minut p\u011b\u0161\u00ed ch\u016fz\u00ed<\/p>\n<p>BUS<br \/>linka 244 \/ ze Sm\u00edchovsk\u00e9ho n\u00e1dra\u017e\u00ed 21 min.<br \/>zast\u00e1vka N\u00e1dra\u017e\u00ed Radot\u00edn \/ vzd\u00e1lenost k Biotopu je 10 minuty p\u011b\u0161\u00ed ch\u016fz\u00ed<\/p>\n\n\n<p> <\/p>\n","protected":false},"excerpt":{"rendered":"<p>Kancel\u00e1\u0159: TEL. 774 485 998Email : info@biotopradotin.cz Jan Bar\u00e1k \/ \u0159editel: info@biotopradotin.cz Provozovatel: Radot\u00ednsk\u00e1 z.\u00fa.I\u010c: 289 73 950 Z\u0159izovatel:\u00a0M\u011bstsk\u00e1 \u010d\u00e1st Praha 16 ADRESA: K L\u00e1zn\u00edm\u00a09Praha 5 \u2013 Radot\u00edn153 00 GPS: 49\u00b058\u201944.268N, 14\u00b021\u201936.039E JAK SE K N\u00c1M DOSTANETE: AUTObezplatn\u00e9 parkov\u00e1n\u00ed \/ bistro U Ond\u0159eje \u2013 5 minut p\u011b\u0161\u00ed ch\u016fz\u00ed \/ 65 parkovac\u00edch m\u00edstbezplatn\u00e9 parkov\u00e1n\u00ed \/ Sportovn\u00ed hala \u2013 5 minut p\u011b\u0161\u00ed<\/p>\n","protected":false},"author":1,"featured_media":0,"parent":0,"menu_order":0,"comment_status":"closed","ping_status":"closed","template":"","meta":[],"_links":{"self":[{"href":"https:\/\/www.bazenradotin.cz\/index.php\/wp-json\/wp\/v2\/pages\/9"}],"collection":[{"href":"https:\/\/www.bazenradotin.cz\/index.php\/wp-json\/wp\/v2\/pages"}],"about":[{"href":"https:\/\/www.bazenradotin.cz\/index.php\/wp-json\/wp\/v2\/types\/page"}],"author":[{"embeddable":true,"href":"https:\/\/www.bazenradotin.cz\/index.php\/wp-json\/wp\/v2\/users\/1"}],"replies":[{"embeddable":true,"href":"https:\/\/www.bazenradotin.cz\/index.php\/wp-json\/wp\/v2\/comments?post=9"}],"version-history":[{"count":13,"href":"https:\/\/www.bazenradotin.cz\/index.php\/wp-json\/wp\/v2\/pages\/9\/revisions"}],"predecessor-version":[{"id":649,"href":"https:\/\/www.bazenradotin.cz\/index.php\/wp-json\/wp\/v2\/pages\/9\/revisions\/649"}],"wp:attachment":[{"href":"https:\/\/www.bazenradotin.cz\/index.php\/wp-json\/wp\/v2\/media?parent=9"}],"curies":[{"name":"wp","href":"https:\/\/api.w.org\/{rel}","templated":true}]}}